-z**2 + 3*z - 4. Calculate o(w).
-8
Let x(c) = -c**2 - 13 + 0 + 4. Calculate x(0).
-9
Let g(d) = -d + 15. Let t be g(9). Let i(l) = 11*l**3 - 6*l. Let v(s) = 10*s**3 - 5*s. Let k(b) = t*v(b) - 5*i(b). Calculate k(-1).
-5
Let m = -5 + 8. Let i = -1 + m. Let c(l) = 0*l**2 - i + l**2 + 2*l + 0*l**2. Give c(-4).
6
Let f(j) = -3*j - 4. Let l be f(-4). Suppose 0*i = 2*i + l. Let a(u) be the third derivative of u**6/120 + u**5/15 - u**4/24 - 3*u**2. Calculate a(i).
4
Suppose 0*u + 1 = 4*u + l, 4*l = -12. Let g(r) = -4 - 3 - 1 + r - u. Give g(5).
-4
Let x(p) be the third derivative of -p**6/120 - p**5/10 + p**4/12 + p**3/6 + 4*p**2. Calculate x(-6).
-11
Let q(d) = 5*d + 15 + d**2 - 15. Determine q(-4).
-4
Let z(v) be the second derivative of -v**6/360 + v**5/20 + 5*v**4/12 - 4*v. Let q(y) be the third derivative of z(y). Calculate q(5).
-4
Let n(o) = -o**2 - 8*o - 3. Let r be n(-7). Let j(y) = -y**2 - 4*y - 1. Let k be j(-3). Let q(p) = 3*p**2 + r*p + 0*p - 2*p**2 - k. Calculate q(-5).
3
Let l(u) = -4*u**2 - 28*u + 10. Let m(c) = -c**2 - 9*c + 3. Let o(a) = -2*l(a) + 7*m(a). What is o(7)?
1
Let x be (2 - 8)/(-3 - -1). Suppose x = -k + 9. Let a(c) = 11*c - 7 - 7*c**2 - 4*c + 2 + c**3. Give a(k).
1
Let m = -12 - -5. Let v = 12 + m. Let y(j) = j**3 - 6*j**2 + 5*j + 4. Determine y(v).
4
Let d(y) = y**3 + 5*y**2 - y - 2. Let t be -1 + 1*(-7 + 3). What is d(t)?
3
Let o(c) = -9 - c**3 - 6*c + 2 + 1 - 5*c**2. Let t = -8 + 20. Let l be t/(-2)*(-2)/(-3). Give o(l).
2
Let t = 23 - 18. Let x(s) = -9*s**2 + 2*s**2 + t + 8*s**2 - 6*s. Let o be (-20)/(-6) - (-4)/6. Calculate x(o).
-3
Suppose 3*o = 17 - 5. Suppose h = 7 - 3. Suppose -k - 2*f = 2*k + 1, o*k + 8 = -h*f. Let j(g) = -2*g + 1. Give j(k).
-5
Let h(u) = -u**3 + 10*u**2 + u - 5. Let j be h(10). Let g(n) = -n**2 + 6*n + 5. Determine g(j).
10
Let s(q) = 9*q**2 - 3*q. Let i = -2 - -4. Let u(w) = 4*w**2 - w. Let y(p) = i*s(p) - 5*u(p). Suppose 5*j = 15, -3*n - 2*j = 3*j - 18. What is y(n)?
-3
Suppose -3*l - 23 = -2*v, -4*l - 10 = 2*v + 2. Let b(z) = 8*z + 5. Let k(j) = 11*j + 5. Let p(o) = -3*b(o) + 2*k(o). What is p(l)?
5
Let m(n) = n**3 + n**2. Let k be 5/5*1/(-2 - -1). What is m(k)?
0
Let k(w) be the second derivative of w**4/12 + 2*w**3/3 - 3*w**2 - w. Determine k(-6).
6
Let r(t) = 2*t**3 + t**2 - 2*t - 1. Let h = 24 + -26. Calculate r(h).
-9
Let w(o) = -o**3 + 2*o**2 - 4*o + 3. Let z(f) = f**2 + f + 1. Let y be z(-1). Suppose 0 = j - y - 1. Calculate w(j).
-5
Suppose -2*l - 2 = -12. Suppose -14 - 30 = -4*t + 5*i, 0 = -l*t - 3*i + 18. Let s(v) = v**3 - 7*v**2 + 6*v + 4. Determine s(t).
4
Let p be (-14)/(-6) + 2/(-6). Let m(y) be the third derivative of -y**5/60 + y**4/12 - y**3/2 - 9*y**2 + 2*y. Determine m(p).
-3
Suppose -9*h + 21 = -2*h. Let f(q) = q**3 - 2*q**2 + 3*q - 2. What is f(h)?
16
Suppose -4*s + 9 = -11. Suppose 5*h = -5*k - 10 - 0, k = s*h + 40. Let m(a) = a**3 + 7*a**2 + 2. Give m(h).
2
Let o(q) = -6*q**2 + 3*q - q**2 + 9*q**2. Give o(-3).
9
Suppose 0 = 4*l - 34 + 22. Let u(h) = h**3 - 4*h**2 + 4*h - 2. Determine u(l).
1
Let f(g) = 2*g**2 + 9*g - 16. Let c(r) = -r**2 - 4*r + 8. Let x(w) = 7*c(w) + 3*f(w). Calculate x(0).
8
Suppose -4*g + 3*j + 4 = 5, -g = 3*j + 4. Let k(q) = 5*q - 1. Calculate k(g).
-6
Let k(s) = s**2 + 9*s + 7. Let t be (-2 - 10/(-4))*6. Suppose 0 = -t*l - 11 - 7. Give k(l).
-11
Let c(o) = -o**2 + o + 8. Let r(u) = u**2 - 7*u + 5. Let j be r(6). Suppose -4*f - 6 = 2*m, -2*m - 3*f = m + 3. Let p = m + j. Calculate c(p).
8
Let h(i) = i - 3. Let m(d) = d - 3. Let n(k) = 5*h(k) - 6*m(k). Suppose s = 2*s. Calculate n(s).
3
Let c(m) = -2*m**2 - 2 + 4*m**2 - m**2. Give c(-3).
7
Let f(g) = 2 + g - 5 + 2*g - 6*g. Give f(-3).
6
Let a(g) = -2*g + 2*g - g - 7. Suppose 0 = 15*y - 18*y - 15. Determine a(y).
-2
Let z(h) be the third derivative of -h**5/60 + 3*h**4/8 - 7*h**3/6 + 26*h**2. What is z(6)?
11
Let y(g) = g + 4. Let o(z) = z - 6. Let d be o(0). Let u be d/(2/(0 + -1)). Determine y(u).
7
Let f(r) = -r + 7*r + r + 0*r. What is f(-2)?
-14
Let z = 6 - 0. Let p(w) = w**2 - 7*w + 2. Determine p(z).
-4
Let d(t) be the first derivative of -t**5/20 - t**4/2 - 2*t**3/3 - t**2/2 - 9*t + 8. Let m(i) be the first derivative of d(i). What is m(-5)?
-6
Let l = 20 - 8. Let m = 14 + 2. Suppose -u = k - 2, -u - l = -5*k + m. Let q(h) = -2*h - 3. Give q(u).
3
Let k(t) be the first derivative of t**4/4 + 4*t**3/3 - t**2/2 + t - 1. Let u(i) = i**2 - 4*i. Let c be u(5). Suppose -12 = c*w - 2*w. Determine k(w).
5
Let r(y) = -29*y + 3. Let h(w) be the first derivative of 5*w**2 - w + 3. Let x = -5 + 9. Let a(o) = x*r(o) + 11*h(o). Determine a(1).
-5
Let t(f) be the first derivative of -f**2/2 + 2*f + 2. Suppose -u + 2 = 3*h - 6, -2*u = -10. Let p be 0/h*(-3)/6. Calculate t(p).
2
Let v(m) = 5*m**3 + 15*m**2 + 11*m + 9. Let p(q) = q**3 + 3*q**2 + 2*q + 2. Let z(d) = 11*p(d) - 2*v(d). What is z(-4)?
-12
Let p(x) = -x**2 - 1 - 8*x + 6*x - 7*x**3 + 0*x**3. Let r be 1/(-2) - 3/(-2). Suppose -3*u = -5*n - 6 - r, 3 = 3*u - 3*n. Calculate p(u).
7
Let q be 26/10 - (-4)/10. Suppose 2*z = -3*s - 13, q*z + 1 = s - 2. Let c(x) = -1 - x**2 - x + 2*x**3 - 2*x**2 - 3*x**3. What is c(s)?
2
Let t(m) = 14*m**2 - 2*m + 1. Let s = 23 - 22. Give t(s).
13
Let g = -6 - -5. Let i(v) = 5*v**3 + 2*v**2 - v - 2. Let j(x) = 5*x**3 + 2*x**2 - 2*x - 3. Let t(h) = -4*i(h) + 3*j(h). Give t(g).
4
Let i(x) be the first derivative of x**6/180 + x**5/120 - x**4/24 - x**3/3 + 3. Let d(p) be the third derivative of i(p). Calculate d(-2).
5
Let m(k) = k - 11. Suppose -7*z - 2*b + 20 = -2*z, 2*z = -b + 7. Determine m(z).
-5
Let k(r) = -r**3 - 4*r**2 + 6*r + 3. Let d(z) = -z + 10. Let p be d(0). Let t = 5 - p. What is k(t)?
-2
Suppose -2*g = -4*i + i + 4, -4*i = g - 9. Let v(r) be the first derivative of -1/4*r**4 - 2 + r**3 - 1/2*r**2 + 0*r. What is v(i)?
2
Let o = 8 + -1. Suppose 4*x + 16 = 4*d, -5*x = -3*d - 3 + 19. Suppose 0 = -d*k + o - 1. Let s(b) = -b + 3. Give s(k).
0
Let w be (24/20)/(2/20). Let g be w/42 + 88/(-14). Let t(i) = -2*i - 5. What is t(g)?
7
Let f(d) = -5*d**3 + 7*d**2 + d. Let i(q) = -2*q**3 + 2*q**2. Let h(x) = 3*f(x) - 8*i(x). Determine h(-2).
6
Let p(t) = -2*t + 4. Suppose -3*w + 2*w = 3. Let y = w - -7. Give p(y).
-4
Let j(b) = -3 - b**3 - 6*b + 0*b**3 + 3*b - b**2. Suppose -2*c = 3*c + 2*d - 23, -18 = -2*c - 3*d. Suppose -x + 1 = c. Give j(x).
7
Suppose x = 5*x - x. Let l(t) be the first derivative of 1/4*t**4 + t + x*t**3 + 3 - t**2. Calculate l(2).
5
Let a(w) be the first derivative of 1/2*w**2 + 1/3*w**3 - 2 - w. Give a(1).
1
Let z = -6 + 1. Let a(g) = g**3 + 5*g**2 - 3*g + 2. Give a(z).
17
Let o be (1 + -5)*10/(-8). Let v(x) = -2 + o - x - 3*x. Suppose a + 3 - 6 = 0. Determine v(a).
-9
Let j(i) = -i + i - 4 - i. Let z be (-8)/(-5) + (-3)/5. Let a be z/(-4) + 33/(-12). What is j(a)?
-1
Let b(q) be the first derivative of -2 - 3*q + 1/3*q**3 - 1/2*q**2. Suppose -5*z + 25 = 0, 3*d + d = 2*z + 2. Give b(d).
3
Let g = 4 - 2. Let w(k) = 7*k - 1 + 0 - 8*k. Determine w(g).
-3
Let k(v) = 2*v + 5. Suppose -5*h - 22 = 3. Let w = h + 0. Give k(w).
-5
Let o(p) = 3*p**2 - p. Let s be o(1). Let v(b) = -b**3 + b**2 - 2*b + 1. What is v(s)?
-7
Suppose -d + 8 = 3*k, -2*k - 5*d + 20 - 6 = 0. Let q(h) = k*h + 3 + 0*h + h. What is q(-2)?
-3
Let g be (-10)/(-4) + 1/2. Suppose 0 = g*s + 2 - 5. Let p(i) = 6*i**2 - 30*i - 30. Let y(u) = -u - 1. Let x(m) = p(m) - 30*y(m). Calculate x(s).
6
Let b = 5 - 10. Let t(k) = -k**2 - 6*k - 2. Let v be t(b). Let p(i) = 0*i**2 + 0*i - i**2 + 2*i + 1. What is p(v)?
-2
Let i(q) be the first derivative of q**4/4 - 7*q**3/3 + 3*q**2 + 19. What is i(6)?
0
Let q(j) be the second derivative of -5/12*j**4 - 1/20*j**5 - 1/2*j**2 - 5/6*j**3 + 0 + 2*j. What is q(-4)?
3
Let j(b) = 5*b**2 - 3*b - 3. Let x(c) = -2 + 0 + 9*c**2 - 6*c - 4. Let n(w) = -11*j(w) + 6*x(w). Give n(-2).
-1
Suppose 5*y + 16 = y, -5*x = 3*y + 17. Let o = 2 + x. Let c(w) = 6*w - 3. Let j(g) = -5*g + 2. Let a(n) = -3*c(n) - 4*j(n). What is a(o)?
3
Let s(l) = 10*l. Let m(g) = 7*g. Let q(c) = -7*m(c) + 5*s(c). What is q(-4)?
-4
Let t(h) be the third derivative of h**4/6 + 4*h**3/3 - 12*h**2. Determine t(-7).
-20
Let n(v) = v**2 + 8*v + 6. Let g(l) = -l**2 - 8*l + 4. Let u be g(-9). Give n(u).
-9
Let m(s) be the second derivative of 5/2*s**2 + 0